is the billions digit of 2858400675?
2
What is the ten thousands digit of 29290622?
9
What is the ten millions digit of 108203220?
0
What is the tens digit of 2237362735?
3
What is the ten millions digit of 121395643?
2
What is the hundred thousands digit of 301041131?
0
What is the thousands digit of 56203787?
3
What is the hundreds digit of 155082763?
7
What is the units digit of 104904765?
5
What is the ten thousands digit of 32138823?
3
What is the ten thousands digit of 294356536?
5
What is the hundred thousands digit of 7080062360?
0
What is the ten thousands digit of 23369200?
6
What is the hundreds digit of 1989601959?
9
What is the ten millions digit of 2134584543?
3
What is the thousands digit of 257017554?
7
What is the hundreds digit of 241832729?
7
What is the thousands digit of 14491963?
1
What is the ten millions digit of 1336584875?
3
What is the ten thousands digit of 2317593994?
9
What is the hundreds digit of 68802145?
1
What is the units digit of 41987991?
1
What is the units digit of 219339452?
2
What is the hundred thousands digit of 1818545497?
5
What is the hundreds digit of 533016986?
9
What is the millions digit of 150505558?
0
What is the thousands digit of 4170181?
0
What is the hundreds digit of 701081639?
6
What is the ten millions digit of 1707603827?
0
What is the ten thousands digit of 149243367?
4
What is the hundred millions digit of 186987515?
1
What is the tens digit of 21392003?
0
What is the hundreds digit of 18902409?
4
What is the billions digit of 3407044083?
3
What is the hundred thousands digit of 82931916?
9
What is the ten thousands digit of 346615864?
1
What is the units digit of 828744575?
5
What is the ten thousands digit of 62059240?
5
What is the hundreds digit of 3795002?
0
What is the millions digit of 96698559?
6
What is the hundred thousands digit of 110589220?
5
What is the hundreds digit of 184097923?
9
What is the units digit of 2240724996?
6
What is the hundreds digit of 129860336?
3
What is the billions digit of 1793594590?
1
What is the units digit of 1441574557?
7
What is the tens digit of 615283655?
5
What is the ten thousands digit of 30927999?
2
What is the ten millions digit of 335249290?
3
What is the tens digit of 386600335?
3
What is the ten millions digit of 2190684574?
9
What is the hundred millions digit of 211133043?
2
What is the hundreds digit of 47153910?
9
What is the millions digit of 1497946258?
7
What is the ten millions digit of 1125988070?
2
What is the tens digit of 92713028?
2
What is the thousands digit of 53285486?
5
What is the hundred thousands digit of 152116391?
1
What is the hundred thousands digit of 501141?
5
What is the ten thousands digit of 135739790?
3
What is the tens digit of 6714406?
0
What is the units digit of 4160742683?
3
What is the hundreds digit of 244126448?
4
What is the hundred millions digit of 1320833172?
3
What is the hundred thousands digit of 40090537?
0
What is the units digit of 662744876?
6
What is the ten millions digit of 2697032951?
9
What is the units digit of 97405564?
4
What is the thousands digit of 3080271976?
1
What is the units digit of 51249635?
5
What is the ten millions digit of 2286366050?
8
What is the hundred thousands digit of 35479085?
4
What is the units digit of 871310295?
5
What is the tens digit of 66074773?
7
What is the ten thousands digit of 23729816?
2
What is the units digit of 699074949?
9
What is the units digit of 1735417536?
6
What is the hundreds digit of 917337147?
1
What is the units digit of 367474473?
3
What is the hundreds digit of 180382134?
1
What is the units digit of 1549206202?
2
What is the thousands digit of 540746951?
6
What is the hundreds digit of 89304022?
0
What is the units digit of 2330862280?
0
What is the ten thousands digit of 272105643?
0
What is the ten thousands digit of 967287884?
8
What is the hundreds digit of 72893789?
7
What is the ten millions digit of 525515010?
2
What is the ten millions digit of 156767269?
5
What is the thousands digit of 5407107487?
7
What is the units digit of 172548647?
7
What is the units digit of 11096790?
0
What is the thousands digit of 5439714?
9
What is the tens digit of 1086797556?
5
What is the units digit of 1637484295?
5
What is the millions digit of 3695644?
3
What is the ten millions digit of 12775337?
1
What is the hundreds digit of 692616898?
8
What is the hundred thousands digit of 489527278?
5
What is the tens digit of 29973476?
7
What is the millions digit of 259775901?
9
What is the hundred thousands digit of 5747075154?
0
What is the millions digit of 760748701?
0
What is the hundred thousands digit of 1474731256?
7
What is the ten millions digit of 3013246530?
1
What is the ten thousands digit of 285926597?
2
What is the hundred millions digit of 228448557?
2
What is the ten thousands digit of 28120953?
2
What is the hundred thousands digit of 32668694?
6
What is the millions digit of 67212204?
7
What is the ten millions digit of 293302057?
9
What is the hundred thousands digit of 66742826?
7
What is the tens digit of 213017?
1
What is the ten thousands digit of 1082654945?
5
What is the ten thousands digit of 5441298651?
9
What is the ten millions digit of 1045776996?
4
What is the hundred thousands digit of 106377026?
3
What is the ten millions digit of 1860139304?
6
What is the thousands digit of 42028674?
8
What is the hundred millions digit of 248541938?
2
What is the thousands digit of 49577449?
7
What is the millions digit of 209326457?
9
What is the hundred millions digit of 627335736?
6
What is the millions digit of 4542543925?
2
What is the tens digit of 21386554?
5
What is the hundreds digit of 60521391?
3
What is the ten thousands digit of 56643567?
4
What is the thousands digit of 111836723?
6
What is the millions digit of 43196508?
3
What is the ten millions digit of 714958316?
1
What is the hundred millions digit of 2286092751?
2
What is the hundred thousands digit of 8945431189?
4
What is the tens digit of 108924586?
8
What is the hundred thousands digit of 29866043?
8
What is the hundred thousands digit of 62078182?
0
What is the units digit of 65497677?
7
What is the thousands digit of 18224550?
4
What is the ten millions digit of 80743475?
8
What is the thousands digit of 420112611?
2
What is the units digit of 2016680592?
2
What is the tens digit of 10898786?
8
What is the thousands digit of 59030929?
0
What is the hundred thousands digit of 6568916407?
9
What is the tens digit of 107690118?
1
What is the thousands digit of 449573641?
3
What is the ten thousands digit of 111291246?
9
What is the tens digit of 3122575264?
6
What is the thousands digit of 35876413?
6
What is the units digit of 4210775657?
7
What is the ten thousands digit of 1623604825?
0
What is the hundreds digit of 13924390?
3
What is the ten thousands digit of 394751085?
5
What is the ten millions digit of 1572961230?
7
What is the hundreds digit of 7005120158?
1
What is the ten millions digit of 379154841?
7
What is the hundreds digit of 42889075?
0
What is the units digit of 53575475?
5
What is the thousands digit of 1588308429?
8
What is the hundred millions digit of 384211107?
3
What is the tens digit of 29969477?
7
What is the millions digit of 2120238337?
0
What is the millions digit of 384341266?
4
What is the ten millions digit of 883503675?
8
What is the hundreds digit of 92366669?
6
What is the billions digit of 5223441979?
5
What is the hundreds digit of 228723902?
9
What is the ten millions digit of 57875491?
5
What is the hundreds digit of 81947109?
1
What is the hundreds digit of 366331478?
4
What is the thousands digit of 35768739?
8
What is the hundred millions digit of 487810415?
4
What is the units digit of 2641649304?
4
What is the millions digit of 10937033?
0
What is the millions digit of 228504599?
8
What is the hundred millions digit of 277919673?
2
What is the units digit of 51850820?
0
What is the hundred thousands digit of 968124743?
1
What is the tens digit of 331464704?
0
What is the billions digit of 2615794774?
2
What is the thousands digit of 496523586?
3
What is the thousands digit of 922126293?
6
What is the hundreds digit of 266349011?
0
What is the millions digit of 371212586?
1
What is the hundr